{"id":62,"date":"2025-12-15T11:28:01","date_gmt":"2025-12-15T10:28:01","guid":{"rendered":"https:\/\/iarga.it\/religione-ragione\/?page_id=62"},"modified":"2026-01-30T08:42:49","modified_gmt":"2026-01-30T07:42:49","slug":"pagina-principala","status":"publish","type":"page","link":"https:\/\/iarga.it\/religione-ragione\/ro\/pagina-principala\/","title":{"rendered":"Pagina principal\u0103"},"content":{"rendered":"<div style=\"font-family: Georgia, serif; max-width: 850px; margin: 20px auto; color: #2d3436; line-height: 1.8; background: #ffffff; padding: 30px; border: 1px solid #dfe6e9; border-radius: 4px; box-shadow: rgba(0, 0, 0, 0.05) 0px 10px 30px;\">\n<header style=\"background-color: #e8dcb3; padding: 30px; border-radius: 4px; margin-bottom: 40px;\">\n<div style=\"display: flex; flex-wrap: wrap; align-items: center; justify-content: center; gap: 20px;\">\n<div style=\"flex: 0 0 auto; text-align: center;\"><img loading=\"lazy\" decoding=\"async\" class=\"alignnone size-full wp-image-382\" src=\"https:\/\/iarga.it\/religione-ragione\/wp-content\/uploads\/2026\/01\/Cover-piccola-RO-1.jpg\" alt=\"\" width=\"212\" height=\"300\" \/><\/div>\n<div style=\"flex: 1; min-width: 280px; text-align: center;\">\n<h1 style=\"font-family: 'Georgia', 'Palatino', serif; color: #454343; font-size: clamp(24px, 5vw, 39px); margin-bottom: 10px; line-height: 1.1;\"><span style=\"font-family: 'times new roman', times;\">BIBLIA: RELIGIE SAU RA\u021aIUNE?<\/span><\/h1>\n<h2 style=\"font-size: 20px; color: #454343; font-weight: normal; margin-bottom: 15px;\">De la Avraam la Isus, un proiect extraterestru.<\/h2>\n<p style=\"font-size: 18px; color: #9e480e; font-family: 'Trebuchet MS', sans-serif; margin: 5px 0;\">Publicat \u00een 9 limbi<\/p>\n<p style=\"color: #9e480e; font-size: 28px; font-family: 'Trebuchet MS', sans-serif; font-weight: bold; margin-top: 10px;\">DESC\u0102RCARE GRATUIT\u0102<\/p>\n<\/div>\n<\/div>\n<\/header>\n<div style=\"margin: 40px 0; text-align: left;\">\n<p style=\"text-align: left;\"><span style=\"font-family: arial, helvetica, sans-serif; font-size: 18px;\"><span style=\"text-align: center;\">Geneza poveste\u0219te \u00eentr-o cheie mitico-simbolic\u0103 despre un Dumnezeu care creeaz\u0103 Universul, dar \u00eens\u0103\u0219i tradi\u021bia biblic\u0103 recunoa\u0219te un fapt structural: Creatorul nu ac\u021bioneaz\u0103 aproape niciodat\u0103 direct \u00een lumea uman\u0103, ci opereaz\u0103 prin mediatori \u0219i semne descrise cu limbajul epocii precum \u00ab Elohim \u00bb, \u00ab \u00eengeri \u00bb, &#8220;voce&#8221;, &#8220;glorie&#8221;, \u00ab nor \u00bb \u0219i \u00ab foc \u00bb.<br \/>\n<\/span>Lectura religioas\u0103 tradi\u021bional\u0103 interpreteaz\u0103 aceste elemente ca manifest\u0103ri spirituale sau simbolice. Tratatul de fa\u021b\u0103 propune, \u00een schimb, o relectur\u0103 ra\u021bional\u0103 a textelor biblice \u00een termeni moderni: ceea ce ast\u0103zi este numit \u00ab <span style=\"color: #993300;\"><strong>fenomenul EXTRATERESTRU<\/strong><\/span> \u00bb.<\/span><\/p>\n<p style=\"text-align: left;\"><img loading=\"lazy\" decoding=\"async\" class=\"size-full wp-image-336\" src=\"https:\/\/iarga.it\/religione-ragione\/wp-content\/uploads\/2026\/01\/Schermata-2026-01-20-alle-21.13.47.jpg\" alt=\"\" width=\"1200\" height=\"664\" srcset=\"https:\/\/iarga.it\/religione-ragione\/wp-content\/uploads\/2026\/01\/Schermata-2026-01-20-alle-21.13.47.jpg 1200w, https:\/\/iarga.it\/religione-ragione\/wp-content\/uploads\/2026\/01\/Schermata-2026-01-20-alle-21.13.47-300x166.jpg 300w, https:\/\/iarga.it\/religione-ragione\/wp-content\/uploads\/2026\/01\/Schermata-2026-01-20-alle-21.13.47-1024x567.jpg 1024w, https:\/\/iarga.it\/religione-ragione\/wp-content\/uploads\/2026\/01\/Schermata-2026-01-20-alle-21.13.47-768x425.jpg 768w\" sizes=\"auto, (max-width: 1200px) 100vw, 1200px\" \/><\/p>\n<div style=\"margin-top: 20px; padding: 25px; background-color: #f8f9fa; border-left: 4px solid #9e480e; text-align: left; font-style: italic; font-size: 17px; color: #555;\">Biblia nu poveste\u0219te supranaturalul, ci interven\u021bii \u0219i proiecte extraterestre coordonate de c\u0103tre \u00ab Omni-creativi \u00bb, care reprezint\u0103 \u201ebra\u021bul fizic-opera\u021bional\u201d al \u00ab Omni-creativit\u0103\u021bii \u00bb: Inteligen\u021ba imaterial\u0103 creatoare a tuturor planurilor dimensionale ale Universului.<\/div>\n<\/div>\n<section style=\"font-size: 18px; text-align: justify; padding: 0 10px;\">\n<h3 style=\"color: #9e480e; font-size: 24px; border-bottom: 1px solid #eee; padding-bottom: 10px;\">Teza Omni-creativ\u0103<\/h3>\n<p style=\"text-align: left;\"><strong>Teza Omni-creativ\u0103<\/strong>\u00a0este o relectur\u0103 a Bibliei \u00eentr-o cheie extraterestr\u0103 unde \u201edivinul\u201d devine \u201esuprauman\u201d \u0219i \u201emiracolul\u201d devine \u201e\u0219tiin\u021b\u0103 superioar\u0103\u201d. \u00cen aceast\u0103 perspectiv\u0103, Biblia nu mai este un mit sau o dogm\u0103 de credin\u021b\u0103, ci un document cu caracter documentar \u0219i func\u021bional, finalizat printr-un proiect educativ cosmic \u0219i scris \u00een singurul limbaj simbolic posibil pentru umanitatea primitiv\u0103 din acea vreme.<\/p>\n<h3 style=\"color: #9e480e; font-size: 24px; border-bottom: 1px solid #eee; padding-bottom: 10px; margin-top: 40px;\">Omni-creativi \u0219i Super-Civiliza\u021bi<\/h3>\n<p style=\"text-align: left;\">\u00cen <strong>Teza Omni-creativ\u0103<\/strong>, \u201eagen\u021bii\u201d care \u00een nara\u021biunea biblic\u0103 sunt identifica\u021bi ca Dumnezeu, Elohim sau \u00eengeri, sunt \u00een realitate dou\u0103 categorii supraumane distincte care apar\u021bin, ca \u0219i noi, dimensiunii fizice: <strong>Fiin\u021bele Omni-creative<\/strong>, adic\u0103 primele manifest\u0103ri ale <strong>Omni-creativit\u0103\u021bii<\/strong> (Inteligen\u021ba Imaterial\u0103 surs\u0103 a Universului), \u0219i <strong>Fiin\u021bele Super-civilizate<\/strong>, o categorie evolutiv\u0103 intermediar\u0103 \u00eentre umanitate \u0219i Fiin\u021bele Omni-creative.<\/p>\n<h3 style=\"color: #9e480e; font-size: 24px; border-bottom: 1px solid #eee; padding-bottom: 10px; margin-top: 40px;\">P\u0103m\u00e2ntul ca \u0218coal\u0103 a Sufletelor<\/h3>\n<p style=\"text-align: left;\">P\u0103m\u00e2ntul este interpretat ca o <strong>\u0218coal\u0103 a Sufletelor<\/strong>, reglat\u0103 de dou\u0103 \u201esisteme inteligente\u201d complementare: <strong>Ectosfera<\/strong>, care gestioneaz\u0103 principiul egoist aflat la baza selec\u021biei naturale biologice, \u0219i <strong>Exosfera<\/strong>, care \u00eenso\u021be\u0219te parcursul individual al fiin\u021belor umane c\u0103tre principiul altruist \u0219i con\u0219tiin\u021ba etic\u0103. Obiectivul nu este crearea unui \u201eparadis\u201d pe p\u0103m\u00e2nt, ci maturizarea spiritual\u0103 individual\u0103 pentru trecerea la dimensiunile supraumane.<\/p>\n<h3 style=\"color: #9e480e; font-size: 24px; border-bottom: 1px solid #eee; padding-bottom: 10px; margin-top: 40px;\">Isus Cristos \u00een Proiectul Omni-creativ<\/h3>\n<p style=\"text-align: left;\">Venirea lui <strong>Isus Cristos<\/strong> reprezint\u0103 apogeul <strong>Proiectului Omni-creativ<\/strong> terestru. \u00cen aceast\u0103 relectur\u0103, Isus nu este fondatorul unei religii, ci \u00eentruparea unui \u201e<em>Fiin\u021be<\/em> supraumane Omni-creative\u201d viz\u00e2nd instalarea unui \u201e<em>Cod Etic<\/em>\u201d bazat pe altruismul con\u0219tient.<\/p>\n<h3 style=\"color: #9e480e; font-size: 24px; border-bottom: 1px solid #eee; padding-bottom: 10px; margin-top: 40px;\">Biblia \u0219i \u0219tiin\u021ba<\/h3>\n<p style=\"text-align: left;\"><strong>Teza Omni-creativ\u0103<\/strong> nu contrazice \u0219tiin\u021ba modern\u0103, dar noi \u00eei recunoa\u0219tem limitele istorice \u0219i metodologice. Omni-creativitatea, spiritul, sufletul \u0219i realitatea Extraterestr\u0103 sunt ipoteze compatibile cu <strong>\u0219tiin\u021ba viitorului<\/strong>. Acest Tratat cere doar disponibilitatea de a urm\u0103ri o reconstruc\u021bie ra\u021bional\u0103, coerent\u0103 \u0219i neconsolatoare a destinului uman..<\/p>\n<\/section>\n<hr style=\"margin: 50px 0; border: 0; border-top: 2px solid #9e480e;\" \/>\n<div style=\"background-color: #fdfaf5; padding: 30px; border-radius: 8px; border: 1px solid #e8dcb3;\">\n<p style=\"font-weight: bold; text-align: center; color: #9e480e; font-size: 28px; font-family: 'Trebuchet MS', sans-serif; margin-bottom: 30px;\">DESC\u0102RCARE GRATUIT\u0102<\/p>\n<form id=\"richiesta_form\" style=\"max-width: 600px; margin: 0 auto; font-family: sans-serif;\" action=\"\/spedisci_bibbia.php\" method=\"post\" name=\"richiesta_form\"><input name=\"lingua\" type=\"hidden\" value=\"ro\" \/><\/p>\n<div style=\"margin-bottom: 20px;\"><label style=\"display: block; margin-bottom: 8px; font-weight: bold; font-size: 14px; color: #444;\" for=\"pos\">POZI\u021aIA MEA FA\u021a\u0102 DE PREZEN\u021aA EXTRATERESTR\u0102 \u00ceN BIBLIE<\/label><br \/>\n<select id=\"pos\" style=\"width: 100%; padding: 12px; border-radius: 4px; border: 1px solid #ccc;\" name=\"pos\" required=\"\"><option value=\"\">&#8212; Selecteaz\u0103 pozi\u021bia ta &#8212;<\/option><option value=\"Favorevole\">Favorabil\u0103<\/option><option value=\"Incerta\">Incert\u0103<\/option><option value=\"Scettica\">Sceptic\u0103<\/option><option value=\"Sfavorevole\">Nefavorabil\u0103<\/option><\/select><\/div>\n<div style=\"margin-bottom: 20px;\"><label style=\"display: block; margin-bottom: 8px; font-weight: bold; font-size: 14px; color: #444;\" for=\"formato\">ALEGE FORMATUL C\u0102R\u021aII CEL MAI POTRIVIT PENTRU TINE<\/label><br \/>\n<select id=\"formato\" style=\"width: 100%; padding: 12px; border-radius: 4px; border: 1px solid #ccc;\" name=\"formato\" required=\"\"><option value=\"\">&#8212; Selecteaz\u0103 un format &#8212;<\/option><option value=\"A4\">A4 \u2192 potrivit pentru imprimare fa\u021b\u0103-verso<\/option><option value=\"A5\">A5 \u2192 potrivit pentru lectur\u0103 pe tablet\u0103\/calculator<\/option><option value=\"epub\">EPUB \u2192 e-book \/ tablet\u0103 \/ smartphone<\/option><option value=\"mobi\">MOBI \u2192 e-book \/ tablet\u0103 \/ smartphone<\/option><\/select><\/div>\n<div style=\"margin-bottom: 25px;\"><label style=\"display: block; margin-bottom: 8px; font-weight: bold; font-size: 14px; color: #444;\" for=\"mail\">EMAIL<\/label><br \/>\n<input id=\"mail\" style=\"width: 100%; padding: 12px; border-radius: 4px; border: 1px solid #ccc; box-sizing: border-box;\" name=\"mail\" required=\"\" type=\"email\" placeholder=\"introdu adresa ta de email...\" \/><\/div>\n<div style=\"text-align: center;\"><input style=\"background-color: #9e480e; color: white; padding: 15px 40px; border: none; border-radius: 4px; font-size: 18px; font-weight: bold; cursor: pointer; transition: background 0.3s;\" type=\"submit\" value=\"Trimite Cererea\" \/><\/div>\n<\/form>\n<\/div>\n<footer style=\"text-align: center; margin-top: 40px; color: #95a5a6; font-size: 13px;\">\u00a9 2026 iarga.it &#8211; Cercetare \u0219i Divulgare &#8211; Proiectul Omnicreativ<\/footer>\n<\/div>\n<p><script type=\"text\/javascript\" src=\"\/bibbia-wp-custom.js\"><\/script><\/p>\n","protected":false},"excerpt":{"rendered":"<p>BIBLIA: RELIGIE SAU RA\u021aIUNE? De la Avraam la Isus, un proiect extraterestru. Publicat \u00een 9 limbi DESC\u0102RCARE GRATUIT\u0102 Geneza poveste\u0219te \u00eentr-o cheie mitico-simbolic\u0103 despre un Dumnezeu care creeaz\u0103 Universul, dar \u00eens\u0103\u0219i tradi\u021bia biblic\u0103 recunoa\u0219te&#46;&#46;&#46;<\/p>\n","protected":false},"author":2,"featured_media":0,"parent":0,"menu_order":0,"comment_status":"closed","ping_status":"closed","template":"","meta":{"footnotes":""},"class_list":["post-62","page","type-page","status-publish","hentry"],"yoast_head":"<!-- This site is optimized with the Yoast SEO plugin v26.6 - https:\/\/yoast.com\/wordpress\/plugins\/seo\/ -->\n<title>Pagina principal\u0103 - Bibbia ET<\/title>\n<meta name=\"robots\" content=\"index, follow, max-snippet:-1, max-image-preview:large, max-video-preview:-1\" \/>\n<link rel=\"canonical\" href=\"https:\/\/iarga.it\/religione-ragione\/ro\/pagina-principala\/\" \/>\n<meta property=\"og:locale\" content=\"it_IT\" \/>\n<meta property=\"og:type\" content=\"article\" \/>\n<meta property=\"og:title\" content=\"Pagina principal\u0103 - Bibbia ET\" \/>\n<meta property=\"og:description\" content=\"BIBLIA: RELIGIE SAU RA\u021aIUNE? De la Avraam la Isus, un proiect extraterestru. Publicat \u00een 9 limbi DESC\u0102RCARE GRATUIT\u0102 Geneza poveste\u0219te \u00eentr-o cheie mitico-simbolic\u0103 despre un Dumnezeu care creeaz\u0103 Universul, dar \u00eens\u0103\u0219i tradi\u021bia biblic\u0103 recunoa\u0219te&#046;&#046;&#046;\" \/>\n<meta property=\"og:url\" content=\"https:\/\/iarga.it\/religione-ragione\/ro\/pagina-principala\/\" \/>\n<meta property=\"og:site_name\" content=\"Bibbia ET\" \/>\n<meta property=\"article:modified_time\" content=\"2026-01-30T07:42:49+00:00\" \/>\n<meta property=\"og:image\" content=\"https:\/\/iarga.it\/religione-ragione\/wp-content\/uploads\/2026\/01\/Cover-piccola-RO-1.jpg\" \/>\n\t<meta property=\"og:image:width\" content=\"212\" \/>\n\t<meta property=\"og:image:height\" content=\"300\" \/>\n\t<meta property=\"og:image:type\" content=\"image\/jpeg\" \/>\n<meta name=\"twitter:card\" content=\"summary_large_image\" \/>\n<meta name=\"twitter:label1\" content=\"Tempo di lettura stimato\" \/>\n\t<meta name=\"twitter:data1\" content=\"3 minuti\" \/>\n<script type=\"application\/ld+json\" class=\"yoast-schema-graph\">{\"@context\":\"https:\/\/schema.org\",\"@graph\":[{\"@type\":\"WebPage\",\"@id\":\"https:\/\/iarga.it\/religione-ragione\/ro\/pagina-principala\/\",\"url\":\"https:\/\/iarga.it\/religione-ragione\/ro\/pagina-principala\/\",\"name\":\"Pagina principal\u0103 - Bibbia ET\",\"isPartOf\":{\"@id\":\"https:\/\/iarga.it\/religione-ragione\/#website\"},\"primaryImageOfPage\":{\"@id\":\"https:\/\/iarga.it\/religione-ragione\/ro\/pagina-principala\/#primaryimage\"},\"image\":{\"@id\":\"https:\/\/iarga.it\/religione-ragione\/ro\/pagina-principala\/#primaryimage\"},\"thumbnailUrl\":\"https:\/\/iarga.it\/religione-ragione\/wp-content\/uploads\/2026\/01\/Cover-piccola-RO-1.jpg\",\"datePublished\":\"2025-12-15T10:28:01+00:00\",\"dateModified\":\"2026-01-30T07:42:49+00:00\",\"breadcrumb\":{\"@id\":\"https:\/\/iarga.it\/religione-ragione\/ro\/pagina-principala\/#breadcrumb\"},\"inLanguage\":\"it-IT\",\"potentialAction\":[{\"@type\":\"ReadAction\",\"target\":[\"https:\/\/iarga.it\/religione-ragione\/ro\/pagina-principala\/\"]}]},{\"@type\":\"ImageObject\",\"inLanguage\":\"it-IT\",\"@id\":\"https:\/\/iarga.it\/religione-ragione\/ro\/pagina-principala\/#primaryimage\",\"url\":\"https:\/\/iarga.it\/religione-ragione\/wp-content\/uploads\/2026\/01\/Cover-piccola-RO-1.jpg\",\"contentUrl\":\"https:\/\/iarga.it\/religione-ragione\/wp-content\/uploads\/2026\/01\/Cover-piccola-RO-1.jpg\",\"width\":212,\"height\":300},{\"@type\":\"BreadcrumbList\",\"@id\":\"https:\/\/iarga.it\/religione-ragione\/ro\/pagina-principala\/#breadcrumb\",\"itemListElement\":[{\"@type\":\"ListItem\",\"position\":1,\"name\":\"Home\",\"item\":\"https:\/\/iarga.it\/religione-ragione\/\"},{\"@type\":\"ListItem\",\"position\":2,\"name\":\"Pagina principal\u0103\"}]},{\"@type\":\"WebSite\",\"@id\":\"https:\/\/iarga.it\/religione-ragione\/#website\",\"url\":\"https:\/\/iarga.it\/religione-ragione\/\",\"name\":\"Bibbia ET\",\"description\":\"\",\"potentialAction\":[{\"@type\":\"SearchAction\",\"target\":{\"@type\":\"EntryPoint\",\"urlTemplate\":\"https:\/\/iarga.it\/religione-ragione\/?s={search_term_string}\"},\"query-input\":{\"@type\":\"PropertyValueSpecification\",\"valueRequired\":true,\"valueName\":\"search_term_string\"}}],\"inLanguage\":\"it-IT\"}]}<\/script>\n<!-- \/ Yoast SEO plugin. -->","yoast_head_json":{"title":"Pagina principal\u0103 - Bibbia ET","robots":{"index":"index","follow":"follow","max-snippet":"max-snippet:-1","max-image-preview":"max-image-preview:large","max-video-preview":"max-video-preview:-1"},"canonical":"https:\/\/iarga.it\/religione-ragione\/ro\/pagina-principala\/","og_locale":"it_IT","og_type":"article","og_title":"Pagina principal\u0103 - Bibbia ET","og_description":"BIBLIA: RELIGIE SAU RA\u021aIUNE? De la Avraam la Isus, un proiect extraterestru. Publicat \u00een 9 limbi DESC\u0102RCARE GRATUIT\u0102 Geneza poveste\u0219te \u00eentr-o cheie mitico-simbolic\u0103 despre un Dumnezeu care creeaz\u0103 Universul, dar \u00eens\u0103\u0219i tradi\u021bia biblic\u0103 recunoa\u0219te&#46;&#46;&#46;","og_url":"https:\/\/iarga.it\/religione-ragione\/ro\/pagina-principala\/","og_site_name":"Bibbia ET","article_modified_time":"2026-01-30T07:42:49+00:00","og_image":[{"width":212,"height":300,"url":"https:\/\/iarga.it\/religione-ragione\/wp-content\/uploads\/2026\/01\/Cover-piccola-RO-1.jpg","type":"image\/jpeg"}],"twitter_card":"summary_large_image","twitter_misc":{"Tempo di lettura stimato":"3 minuti"},"schema":{"@context":"https:\/\/schema.org","@graph":[{"@type":"WebPage","@id":"https:\/\/iarga.it\/religione-ragione\/ro\/pagina-principala\/","url":"https:\/\/iarga.it\/religione-ragione\/ro\/pagina-principala\/","name":"Pagina principal\u0103 - Bibbia ET","isPartOf":{"@id":"https:\/\/iarga.it\/religione-ragione\/#website"},"primaryImageOfPage":{"@id":"https:\/\/iarga.it\/religione-ragione\/ro\/pagina-principala\/#primaryimage"},"image":{"@id":"https:\/\/iarga.it\/religione-ragione\/ro\/pagina-principala\/#primaryimage"},"thumbnailUrl":"https:\/\/iarga.it\/religione-ragione\/wp-content\/uploads\/2026\/01\/Cover-piccola-RO-1.jpg","datePublished":"2025-12-15T10:28:01+00:00","dateModified":"2026-01-30T07:42:49+00:00","breadcrumb":{"@id":"https:\/\/iarga.it\/religione-ragione\/ro\/pagina-principala\/#breadcrumb"},"inLanguage":"it-IT","potentialAction":[{"@type":"ReadAction","target":["https:\/\/iarga.it\/religione-ragione\/ro\/pagina-principala\/"]}]},{"@type":"ImageObject","inLanguage":"it-IT","@id":"https:\/\/iarga.it\/religione-ragione\/ro\/pagina-principala\/#primaryimage","url":"https:\/\/iarga.it\/religione-ragione\/wp-content\/uploads\/2026\/01\/Cover-piccola-RO-1.jpg","contentUrl":"https:\/\/iarga.it\/religione-ragione\/wp-content\/uploads\/2026\/01\/Cover-piccola-RO-1.jpg","width":212,"height":300},{"@type":"BreadcrumbList","@id":"https:\/\/iarga.it\/religione-ragione\/ro\/pagina-principala\/#breadcrumb","itemListElement":[{"@type":"ListItem","position":1,"name":"Home","item":"https:\/\/iarga.it\/religione-ragione\/"},{"@type":"ListItem","position":2,"name":"Pagina principal\u0103"}]},{"@type":"WebSite","@id":"https:\/\/iarga.it\/religione-ragione\/#website","url":"https:\/\/iarga.it\/religione-ragione\/","name":"Bibbia ET","description":"","potentialAction":[{"@type":"SearchAction","target":{"@type":"EntryPoint","urlTemplate":"https:\/\/iarga.it\/religione-ragione\/?s={search_term_string}"},"query-input":{"@type":"PropertyValueSpecification","valueRequired":true,"valueName":"search_term_string"}}],"inLanguage":"it-IT"}]}},"_links":{"self":[{"href":"https:\/\/iarga.it\/religione-ragione\/wp-json\/wp\/v2\/pages\/62","targetHints":{"allow":["GET"]}}],"collection":[{"href":"https:\/\/iarga.it\/religione-ragione\/wp-json\/wp\/v2\/pages"}],"about":[{"href":"https:\/\/iarga.it\/religione-ragione\/wp-json\/wp\/v2\/types\/page"}],"author":[{"embeddable":true,"href":"https:\/\/iarga.it\/religione-ragione\/wp-json\/wp\/v2\/users\/2"}],"replies":[{"embeddable":true,"href":"https:\/\/iarga.it\/religione-ragione\/wp-json\/wp\/v2\/comments?post=62"}],"version-history":[{"count":17,"href":"https:\/\/iarga.it\/religione-ragione\/wp-json\/wp\/v2\/pages\/62\/revisions"}],"predecessor-version":[{"id":406,"href":"https:\/\/iarga.it\/religione-ragione\/wp-json\/wp\/v2\/pages\/62\/revisions\/406"}],"wp:attachment":[{"href":"https:\/\/iarga.it\/religione-ragione\/wp-json\/wp\/v2\/media?parent=62"}],"curies":[{"name":"wp","href":"https:\/\/api.w.org\/{rel}","templated":true}]}}